nder when 29522 is divided by 14702.
118
Calculate the remainder when 10770320 is divided by 2717.
132
Calculate the remainder when 1966878 is divided by 21614.
4
Calculate the remainder when 21351 is divided by 830.
601
Calculate the remainder when 311054 is divided by 15551.
34
What is the remainder when 24549 is divided by 1471?
1013
Calculate the remainder when 35770173 is divided by 239.
238
What is the remainder when 2551038 is divided by 434?
420
What is the remainder when 3325 is divided by 3121?
204
What is the remainder when 515734 is divided by 37?
28
Calculate the remainder when 1064116 is divided by 3721.
3631
What is the remainder when 183433534 is divided by 2496?
2494
Calculate the remainder when 8568674 is divided by 2856216.
26
What is the remainder when 47706277 is divided by 387?
13
What is the remainder when 1213033 is divided by 474?
67
Calculate the remainder when 7662280 is divided by 1915538.
128
Calculate the remainder when 1400757 is divided by 280150.
7
Calculate the remainder when 2193976 is divided by 18.
10
What is the remainder when 37148278 is divided by 2857557?
37
What is the remainder when 823689 is divided by 6864?
9
Calculate the remainder when 402042 is divided by 22322.
246
What is the remainder when 38133502 is divided by 462?
22
Calculate the remainder when 9957024 is divided by 129312.
0
Calculate the remainder when 747923 is divided by 988.
7
What is the remainder when 1087953 is divided by 1283?
1252
What is the remainder when 20293880 is divided by 85991?
4
Calculate the remainder when 2348479 is divided by 15655.
229
What is the remainder when 157678811 is divided by 1715?
1711
Calculate the remainder when 2477113 is divided by 8028.
4489
Calculate the remainder when 32067546 is divided by 27.
24
What is the remainder when 109686 is divided by 33?
27
Calculate the remainder when 63735 is divided by 4245.
60
What is the remainder when 1206206 is divided by 15871?
10
What is the remainder when 141346 is divided by 3452?
3266
What is the remainder when 2199473 is divided by 18?
17
Calculate the remainder when 4013780 is divided by 170.
80
Calculate the remainder when 890770 is divided by 1371.
991
Calculate the remainder when 545066787 is divided by 30.
27
What is the remainder when 4257913 is divided by 1438?
1433
What is the remainder when 608321 is divided by 17617?
9343
What is the remainder when 28922781 is divided by 122?
119
Calculate the remainder when 3586809 is divided by 174.
147
Calculate the remainder when 9488153 is divided by 1339.
1338
Calculate the remainder when 105932207 is divided by 248.
247
What is the remainder when 385550 is divided by 698?
254
What is the remainder when 1378340 is divided by 459428?
56
What is the remainder when 1145013 is divided by 773?
200
What is the remainder when 81999 is divided by 20328?
687
Calculate the remainder when 4793156 is divided by 295.
291
Calculate the remainder when 137608 is divided by 68692.
224
What is the remainder when 7227446 is divided by 871?
759
Calculate the remainder when 5895827 is divided by 43672.
107
Calculate the remainder when 783784 is divided by 148.
124
Calculate the remainder when 535433 is divided by 928.
905
Calculate the remainder when 42528256 is divided by 2745.
2716
Calculate the remainder when 3466 is divided by 3362.
104
What is the remainder when 15093 is divided by 1958?
1387
What is the remainder when 353871292 is divided by 9?
4
What is the remainder when 17138252 is divided by 483?
446
What is the remainder when 668967 is divided by 35208?
15
What is the remainder when 3358450 is divided by 79963?
4
Calculate the remainder when 256447 is divided by 3851.
2281
Calculate the remainder when 6078576 is divided by 22.
20
What is the remainder when 4621238 is divided by 15?
8
Calculate the remainder when 2819033 is divided by 199.
198
Calculate the remainder when 44042 is divided by 3388.
3386
Calculate the remainder when 1770405 is divided by 1437.
21
Calculate the remainder when 610496 is divided by 304771.
954
Calculate the remainder when 1298441 is divided by 539.
529
What is the remainder when 298031478 is divided by 33?
30
Calculate the remainder when 58525 is divided by 29203.
119
What is the remainder when 163124781 is divided by 16?
13
What is the remainder when 15787 is divided by 11956?
3831
Calculate the remainder when 421203 is divided by 787.
158
Calculate the remainder when 620256 is divided by 77435.
776
Calculate the remainder when 28125 is divided by 1220.
65
Calculate the remainder when 12630671 is divided by 1804377.
32
Calculate the remainder when 56108169 is divided by 463.
440
Calculate the remainder when 2018922 is divided by 71.
37
Calculate the remainder when 92336 is divided by 4910.
3956
Calculate the remainder when 2914527 is divided by 971494.
45
Calculate the remainder when 34560 is divided by 392.
64
What is the remainder when 66323 is divided by 1739?
241
What is the remainder when 104883230 is divided by 7?
4
What is the remainder when 45129713 is divided by 514?
513
Calculate the remainder when 34661 is divided by 4898.
375
What is the remainder when 7492 is divided by 1377?
607
What is the remainder when 46402482 is divided by 46402477?
5
What is the remainder when 27409 is divided by 27090?
319
What is the remainder when 1805220 is divided by 112825?
20
Calculate the remainder when 98260614 is divided by 8.
6
What is the remainder when 144916 is divided by 3293?
24
What is the remainder when 28332 is divided by 4625?
582
Calculate the remainder when 767357624 is divided by 25.
24
Calculate the remainder when 153286 is divided by 1246.
28
Calculate the remainder when 71649 is divided by 16689.
4893
What is the remainder when 97809 is divided by 428?
225
What is the remainder when 61818 is divided by 30153?
1512
What is the remainder when 2056607 is divided by 60?
47
Calculate the remainder when 422784 is divided by 6213.
300
Calculate the remainder when 2646111 is divided by 57.
0
Calculate the remainder when 4530555 is divided by 1470.
15
Calculate the remainder when 854815 is divided by 2705.
35
What is the remainder when 12492827 is divided by 38?
23
What is the remainder when 16903037 is divided by 2664?
2621
What is the remainder when 878590 is divided by 361?
277
What is the remainder when 914733 is divided by 130674?
15
Calculate the remainder when 1509831377 is divided by 18.
17
Calculate the remainder when 2429765 is divided by 669.
626
Calculate the remainder when 2043269 is divided by 11678.
11297
Calculate the remainder when 22469509 is divided by 58.
19
What is the remainder when 3732888 is divided by 106650?
138
What is the remainder when 215368 is divided by 513?
421
What is the remainder when 404704 is divided by 20196?
784
Calculate the remainder when 3108376 is divided by 1035986.
418
What is the remainder when 2216224 is divided by 3979?
3900
What is the remainder when 974984 is divided by 78?
62
Calculate the remainder when 4156243 is divided by 41.
32
What is the remainder when 29655966 is divided by 2017?
15
Calculate the remainder when 5845670 is divided by 1948556.
2
What is the remainder when 16698488 is divided by 29?
27
What is the remainder when 176754631 is divided by 3013?
3012
Calculate the remainder when 661517 is divided by 220417.
266
Calculate the remainder when 14986265 is divided by 2997252.
5
Calculate the remainder when 808744 is divided by 404366.
12
What is the remainder when 84098 is divided by 63?
56
What is the remainder when 1248932 is divided by 1248625?
307
What is the remainder when 157871 is divided by 91?
77
Calculate the remainder when 61969716 is divided by 1018.
1002
What is the remainder when 3472463 is divided by 25913?
121
What is the remainder when 46253314 is divided by 1987?
1915
What is the remainder when 12437518 is divided by 639?
22
Calculate the remainder when 233938 is divided by 1041.
754
What is the remainder when 168211 is divided by 954?
307
Calculate the remainder when 5279005 is divided by 1759192.
1429
What is the remainder when 31308000 is divided by 37?
6
Calculate the remainder when 309492 is divided by 5384.
2604
Calculate the remainder when 474003 is divided by 236909.
185
Calculate the remainde